{"id":409,"date":"2026-01-09T18:07:46","date_gmt":"2026-01-09T21:07:46","guid":{"rendered":"https:\/\/bettin.com.ar\/?post_type=product&#038;p=409"},"modified":"2026-01-16T18:07:19","modified_gmt":"2026-01-16T21:07:19","slug":"panel-smart-alarm-monitoreado-740-0863","status":"publish","type":"product","link":"https:\/\/bettin.com.ar\/?product=panel-smart-alarm-monitoreado-740-0863","title":{"rendered":"Panel Smart Alarm monitoreado (740-0863)"},"content":{"rendered":"<p>Panel Smart Alarm monitoreado (740-0863)<br \/>\nPanel monitoreado a trav\u00e9s de Contact-ID<br \/>\nComunicaci\u00f3n a trav\u00e9s de ethernet, l\u00ednea telef\u00f3nica (opcional: 4G y Wi-Fi).<\/p>\n<p>-254 zonas inal\u00e1mbricas<br \/>\n-6 particiones<br \/>\n-2 zonas cableadas<br \/>\n-Tamper frontal<br \/>\n-Sirena supervisada<\/p>\n","protected":false},"excerpt":{"rendered":"<p>Panel Smart Alarm monitoreado (740-0863) Panel monitoreado a trav\u00e9s de Contact-ID Comunicaci\u00f3n a trav\u00e9s de ethernet, l\u00ednea telef\u00f3nica (opcional: 4G y Wi-Fi). -254 zonas inal\u00e1mbricas -6 particiones -2 zonas cableadas -Tamper frontal -Sirena supervisada<\/p>\n","protected":false},"featured_media":119,"template":"","meta":{"_kad_post_transparent":"default","_kad_post_title":"","_kad_post_layout":"default","_kad_post_sidebar_id":"","_kad_post_content_style":"default","_kad_post_vertical_padding":"default","_kad_post_feature":"","_kad_post_feature_position":"","_kad_post_header":false,"_kad_post_footer":false,"_kad_post_classname":""},"product_brand":[],"product_cat":[16],"product_tag":[],"class_list":{"0":"post-409","1":"product","2":"type-product","3":"status-publish","4":"has-post-thumbnail","6":"product_cat-sin-categorizar","8":"first","9":"instock","10":"shipping-taxable","11":"purchasable","12":"product-type-simple","13":"entry","14":"content-bg","15":"loop-entry"},"jetpack_sharing_enabled":true,"_links":{"self":[{"href":"https:\/\/bettin.com.ar\/index.php?rest_route=\/wp\/v2\/product\/409","targetHints":{"allow":["GET"]}}],"collection":[{"href":"https:\/\/bettin.com.ar\/index.php?rest_route=\/wp\/v2\/product"}],"about":[{"href":"https:\/\/bettin.com.ar\/index.php?rest_route=\/wp\/v2\/types\/product"}],"wp:featuredmedia":[{"embeddable":true,"href":"https:\/\/bettin.com.ar\/index.php?rest_route=\/wp\/v2\/media\/119"}],"wp:attachment":[{"href":"https:\/\/bettin.com.ar\/index.php?rest_route=%2Fwp%2Fv2%2Fmedia&parent=409"}],"wp:term":[{"taxonomy":"product_brand","embeddable":true,"href":"https:\/\/bettin.com.ar\/index.php?rest_route=%2Fwp%2Fv2%2Fproduct_brand&post=409"},{"taxonomy":"product_cat","embeddable":true,"href":"https:\/\/bettin.com.ar\/index.php?rest_route=%2Fwp%2Fv2%2Fproduct_cat&post=409"},{"taxonomy":"product_tag","embeddable":true,"href":"https:\/\/bettin.com.ar\/index.php?rest_route=%2Fwp%2Fv2%2Fproduct_tag&post=409"}],"curies":[{"name":"wp","href":"https:\/\/api.w.org\/{rel}","templated":true}]}}